ate the remainder when c is divided by 2/(-4) - 1/2 - -6.
3
Let v = -41 - -19. Let m be 49 + 75/(-11) + 2/(-11). Let h = m + v. What is the remainder when h is divided by 12?
8
Let b(n) = 2*n**2 - 25*n + 15. Let a be b(12). Suppose 3*g - 16 - 47 = -2*y, -a*g = -5*y + 210. Calculate the remainder when y is divided by 4.
3
Let w = 12820 + -12738. What is the remainder when 498 is divided by w?
6
Let a(s) = s**3 - 2*s**2 - 4*s + 9. Let o be ((2/(-2))/2*0)/2. Let j = -31 + 63. Calculate the remainder when j is divided by a(o).
5
Let c(t) = -t**2 + t + 283. Let x be c(0). Let u = x + -268. What is the remainder when u is divided by 2*(-4)/(-6)*3?
3
Let f = -567 + 935. Let m = 619 - f. Calculate the remainder when m is divided by 36.
35
What is the remainder when 39/(2691/(-14812))*(-18)/8 is divided by 69?
0
Let m(n) = -n**2 - 14*n + 795. Calculate the remainder when m(-24) is divided by 14.
9
Let j(y) = -15*y - 111. Let z(b) = b + 14. Let i = 1 - 1. Calculate the remainder when j(-10) is divided by z(i).
11
Let y = 43 - 2. Let c = -35 + y. Suppose 3*f - 29 = j - c*j, -2*f + 5*j = -36. What is the remainder when 64 is divided by f?
12
Let m(y) = -3*y - 2. Suppose -556 = 240*u - 34876. What is the remainder when u is divided by m(-6)?
15
Let h = 24 - 32. Let j(c) = 7*c - 8. Let o(v) = -13*v + 15. Let q(w) = -5*j(w) - 2*o(w). What is the remainder when q(h) is divided by 21?
19
Let m(x) = -83*x - 323. Let k be (-162)/12 + (-2)/(-4). Calculate the remainder when k/(0 - 4/4) is divided by m(-4).
4
Let f be (-6 - -2) + (2091 - -3). Suppose 9*c - 1573 - f = 0. Calculate the remainder when c is divided by 17.
16
Suppose -71*m + 25094 = 5*m - 89894. Calculate the remainder when m is divided by 76.
69
Let t = 5912 + -5862. Suppose -o + 18 = -5*m, -3*o + m - 37 + 119 = 0. What is the remainder when t is divided by o?
22
Let j = 8674 + -8213. Calculate the remainder when j is divided by 64.
13
Let i = 88 - 89. Suppose -3*u = 1 + 2. What is the remainder when 31 is divided by (0 + u)/(i/8)?
7
Let l be 204 - (21/(-7) + -1). Suppose 0 = 2*m - 14. Suppose -m*z + l + 79 = 0. Calculate the remainder when z is divided by 14.
13
Calculate the remainder when (-6)/(24/(-278)) + (-4)/(-8) is divided by (-4)/18 - (-3608)/198.
16
Suppose -158*w + 8 = -157*w - 2*v, 5*v = 15. What is the remainder when 14 is divided by w?
0
Let w = -20339 - -20520. What is the remainder when 746 is divided by w?
22
Suppose 90*z - 44845 - 24003 + 14938 = 0. What is the remainder when z is divided by 81?
32
Let h = -409 + 421. Let z(m) = m + 3. Let n be z(3). Let p(y) = 11*y - 19. What is the remainder when p(n) is divided by h?
11
Suppose 173*d - 31538 - 59114 = 0. Calculate the remainder when d is divided by 64.
12
Suppose 6*g - g + g = 0. Suppose -32 = -8*d - g. Calculate the remainder when (-132)/(-18)*(-6)/(-4) is divided by d.
3
Let q be (55/30 - (-1)/6)/1. Suppose 2*h = -q*h + 2*i + 560, -282 = -2*h + 2*i. Let r = h + -64. Calculate the remainder when r is divided by 26.
23
What is the remainder when 735 is divided by (22/(-88))/((-8)/736)?
22
Suppose -6*u + 2*u + 520 = 0. Suppose -3*y + 4*s = -u, 3*s + 75 = 2*y - 2*s. Calculate the remainder when (y - 1)/(((-30)/6)/(-5)) is divided by 17.
15
What is the remainder when ((-924)/108 - -9)/(6/6507) is divided by 244?
238
Suppose -422 + 3329 = 3*u. Suppose -29*r + u = -26*r. Suppose -r - 25 = -12*v. What is the remainder when 56 is divided by v?
27
Let p(i) = -i + 32. Suppose 2*t + 5*u = 116, 5*u = -172*t + 168*t + 242. What is the remainder when t is divided by p(0)?
31
Let t(r) = r**3 - 5*r**2 - 13*r + 48. Let l be t(4). Let u = -9 + 3. What is the remainder when 81 is divided by u/((-1)/l*-6) + -3?
13
Let t(f) = f**2 - 18*f + 18. Let d be t(10). Let y = d + 65. Let l(q) = 2*q - 9. What is the remainder when l(10) is divided by y?
2
Suppose -175 + 75 = -12*u + 212. What is the remainder when 1133 is divided by u?
15
Suppose -4*o + 155 - 55 = 0. Suppose -5*u = r - 66, -3*u + 3*r = -29 - o. Let i = 11 + u. What is the remainder when i is divided by 13?
12
Let j = -1 + 4. Calculate the remainder when ((-34)/(-12))/((-32)/(-768)) is divided by j.
2
Suppose 2*g - 2865 = -5*n, -4*n + 2*n + 1157 = 3*g. Suppose -5996 = 7*q - n. Calculate the remainder when (18/(-15))/(5/q) is divided by 11.
10
Calculate the remainder when (-4)/(-6) - 606/(-9) is divided by (-31)/((-651)/315) + 8.
22
Suppose 18 = 2*d + 10. Suppose d*m + 356 = 2*n, 4*m = 2*n + 9*m - 311. What is the remainder when 49 is divided by (-3)/(-9)*-2 - n/(-9)?
13
Let y = -109 - -115. Suppose 3*k - 3*v + 6 = 5*k, -2*k = -5*v - y. Suppose 4*c - 4*a = 52, 0*c - 5*c + 25 = k*a. What is the remainder when 20 is divided by c?
4
Let w = 14973 - 14727. Calculate the remainder when 932 is divided by w.
194
Suppose 1773*w + 58512 = 1821*w. Calculate the remainder when w is divided by 13.
10
Suppose -5*z + 8 = -7. Suppose z*g - 6 = -0*g. Calculate the remainder when (-2 + -5)/(g/(-26)) is divided by 23.
22
Let d(q) = -q**2 - 43 + 13 - 55 + 34*q. Calculate the remainder when 35 is divided by d(31).
3
Let i(y) = -20 - 15*y + 30*y - 23*y - 123 - 22. Suppose 2*c = 4*t - 70, 4*t - 5*t - 2*c + 15 = 0. What is the remainder when i(-31) is divided by t?
15
Let s = 3419 + -2909. Calculate the remainder when s is divided by 25.
10
Suppose 0*y + 3 = j - 4*y, j - 3*y - 6 = 0. Suppose 2*z = -2*u + 26, j + 0 = -5*z. What is the remainder when 45 + -2 + -1 - -2 is divided by u?
12
Let t(z) = -13*z + 86. Let v be t(27). Let b = -228 - v. Calculate the remainder when b is divided by 25.
12
Suppose 0 = 2*c - 7*c + 260. Let t(z) = 2*z**3 - 27*z**2 + 11*z + 15. Let q be t(13). Calculate the remainder when c is divided by (-9)/(5 - q/(-2)).
16
Suppose 22 = 4*g + 5*j, -6*g + g - 2*j = -19. Let l(q) = q**2 - 15*q + 6. Calculate the remainder when l(15) is divided by g.
0
Let r be (-6 - -13 - 3) + 5/1. Let w = -25 + r. What is the remainder when (1 - 85/2)*(w + 14) is divided by 24?
11
Let r(n) = -36*n**2 - 78*n + 2. Let u = 5 + -2. Calculate the remainder when r(-2) is divided by u.
2
Let u = 145 - 11. Calculate the remainder when 655 is divided by u.
119
Suppose q = 2*u - 17, 0 = -4*q + 7*q + 21. What is the remainder when 3783 is divided by u?
3
Let w(y) = 169*y + 8. Let d be w(-1). Let f = 179 + d. What is the remainder when 59 is divided by f?
5
Let b(l) = 90*l**2 + l - 1. What is the remainder when b(-2) is divided by (0 - -3)*3*((-34 - 40) + 79)?
42
What is the remainder when 300 is divided by 107 - (-2)/(88/16 + -6)?
94
Let w = 3421 + -3144. Calculate the remainder when w is divided by 3.
1
Suppose 3*v = -3*c + 2211, -4*v - 98*c + 96*c = -2936. Calculate the remainder when v is divided by 36.
11
Suppose 10*u - 36 = 7*u. What is the remainder when ((-6)/36)/((-4)/1128) is divided by u?
11
Let r = -460 + 2736. What is the remainder when r is divided by 53?
50
Let p = -21642 + 21785. What is the remainder when p is divided by 82?
61
Let p be 6 + ((-96)/(-20) - (-4)/20). Suppose 0 = p*r - 176 - 286. What is the remainder when 58 is divided by r?
16
Suppose 0 = 46*m + 14*m - 1620. Suppose -7*o + 249 - 39 = 0. What is the remainder when o is divided by m?
3
Suppose 28*t + 10 = 30*t. What is the remainder when (-3)/(1/4 + (-30)/84) is divided by t?
3
Let t = 5783 - 3231. What is the remainder when t is divided by 37?
36
Let u = 346 + -130. Suppose 5*z + 5*f = 2*z + 127, -5*z = 4*f - u. Calculate the remainder when 128 is divided by z.
40
Let z(w) = -5*w**3 + 16*w**2 + 47*w + 9. Calculate the remainder when z(-3) is divided by (-45)/(-18)*(11 - -1).
27
What is the remainder when 25822 is divided by ((-24)/44)/(-1) - (-10 - 2538/66)?
48
Suppose 337*o + 189 = 344*o. What is the remainder when 12/o + 1468/18 is divided by 45?
37
Let j be (-4 + (-86)/8)/(25/(-100)). Suppose m = 2*i + 3, i = 6*m - 3*m + 6. Let g = i + j. What is the remainder when g is divided by 20?
16
Let s(p) = 7*p**3 + 58*p**2 - p + 9. Calculate the remainder when 2027 is divided by s(-8).
142
Let s(m) = 9*m**2 - 6*m + 2. Suppose -476*v - 2078 + 1927 = -4911. What is the remainder when s(5) is divided by v?
7
Suppose 0 = -51939*d + 52072*d - 3458. Let g = 936 + -338. Calculate the remainder when (-6)/9 + g/6 is divided by d.
21
Let j(h) = h**3 + 31*h*